{"id":462,"date":"2024-03-11T09:58:19","date_gmt":"2024-03-11T08:58:19","guid":{"rendered":"https:\/\/caravaningeuskadi.com\/pribatutasun-politika\/"},"modified":"2024-04-17T11:38:33","modified_gmt":"2024-04-17T09:38:33","slug":"pribatutasun-politika","status":"publish","type":"page","link":"https:\/\/caravaningeuskadi.com\/eu\/pribatutasun-politika\/","title":{"rendered":"Pribatutasun-politika"},"content":{"rendered":"<h1>Pribatutasun eta Datuak Babesteko Politika<\/h1>\n<p>Esta pol\u00edtica de privacidad establece la forma en que se van a gestionar los datos personales que el interesado nos facilite, bien sea a trav\u00e9s del correo electr\u00f3nico, formularios web, o por cualquier otro medio.<\/p>\n<p>A efectos de lo previsto en el Art\u00edculo 13 del Reglamento (UE) 2016\/679 del Parlamento Europeo Y del Consejo, relativo a la protecci\u00f3n de las personas f\u00edsicas en lo que respecta al tratamiento de datos personales, se informa de manera clara y transparente de los datos del responsable de esta web:<\/p>\n<p>DATOS IDENTIFICATIVOS Y DE CONTACTO DEL RESPONSABLE DEL TRATAMIENTO.<\/p>\n<ul>\n<li class=\"bullet-arrow\">Su denominaci\u00f3n social es CARAVANING EUSKADI, S. L.<\/li>\n<li class=\"bullet-arrow\">Su CIF B70879374<\/li>\n<li class=\"bullet-arrow\">Su domicilio es Pol\u00edgono Industrial Urioste, 56, Ortuella, BIZKAIA, 48530, Spain<\/li>\n<li class=\"bullet-arrow\">Su email de contacto es info@caravaningeuskadi.com<\/li>\n<\/ul>\n<h4><b>Finalidades, legitimaci\u00f3n y conservaci\u00f3n de los tratamientos de los datos enviados a trav\u00e9s d elos formularios del sitio web mesdelacaravana.com<\/b><\/h4>\n<p>Se requieren datos personales para la realizaci\u00f3n de consultas a trav\u00e9s de nuestro <strong>formulario de contacto y cita previa<\/strong> y <strong>participaci\u00f3n en el sorteo organizado por Aseicar<\/strong>.<\/p>\n<p>Los usuarios que acceden al sitio web corporativo y voluntariamente proporcionan informaci\u00f3n personal para navegar por el sitio o utilizar alg\u00fan servicio que requiera la comunicaci\u00f3n de datos a LA EMPRESA, quedan informados de las siguientes finalidades de tratamiento de los datos de car\u00e1cter personal de los usuarios, que LA EMPRESA podr\u00e1 llevar a cabo:<\/p>\n<ol>\n<li>\n<p><strong>Finalidad:<\/strong> Facilitarle un medio para que pueda ponerse en contacto con nosotros y contestar a sus solicitudes de informaci\u00f3n, as\u00ed como enviarle comunicaciones de nuestros productos, servicios y actividades, inclusive por medios electr\u00f3nicos, si marca la casilla de aceptaci\u00f3n.<\/p>\n<\/li>\n<li>\n<p><strong>Legitimaci\u00f3n:<\/strong> El consentimiento del usuario al solicitarnos informaci\u00f3n a trav\u00e9s de nuestro formulario de contactos y al marcar la casilla de aceptaci\u00f3n de env\u00edo de informaci\u00f3n.<\/p>\n<\/li>\n<li>\n<p><strong>Conservaci\u00f3n:<\/strong> Hasta una vez resulta su solicitud por medio de nuestro formulario o contestada por correo electr\u00f3nico, si no ha generado un nuevo tratamiento. En caso de haber aceptado recibir env\u00edos comerciales, hasta que solicite la baja de los mismos. <\/p>\n<\/li>\n<\/ol>\n<p>El env\u00edo de datos de car\u00e1cter personal es obligatorio para contactar y realizar operaciones comerciales con LA EMPRESA. Asimismo, el no facilitar los datos personales solicitados o el no aceptar la presente pol\u00edtica de protecci\u00f3n de datos supone la imposibilidad de procesar las solicitudes realizadas a trav\u00e9s del presente sitio web. <\/p>\n<p>Los datos personales proporcionados se conservar\u00e1n mientras el interesado no solicite su supresi\u00f3n o cancelaci\u00f3n y siempre que resulten adecuados, pertinentes y limitados a lo necesario para los fines para los que sean tratados. En este caso, los datos proporcionados se conservar\u00e1n mientras se mantenga la relaci\u00f3n contractual, o durante el periodo necesario para cumplir con las obligaciones legales. Se garantiza un tratamiento de datos leal y transparente.  <\/p>\n<p>Utilizamos las cuentas de Facebook, Twitter e Instagram para informar sobre nuestras actividades e interactuar con nuestros seguidores. El acceso y uso de las p\u00e1ginas oficiales de LA EMPRESA, est\u00e1 sujeto al cumplimiento de las condiciones establecidas por los titulares de la plataforma del servicio de las referidas redes sociales. <\/p>\n<h4>LEGITIMACI\u00d3N O BASE JUR\u00cdDICA DEL TRATAMIENTO<\/h4>\n<p>La base jur\u00eddica para el tratamiento de los datos recogidos a trav\u00e9s del sitio web por LA EMPRESA, ser\u00e1 la siguiente:<\/p>\n<ul>\n<li>En el caso de la recogida de datos a trav\u00e9s de los canales de contacto habilitados en el sitio web la base jur\u00eddica para el tratamiento de los datos es la de recabar el consentimiento del interesado o usuario para el tratamiento de sus datos.<br \/>Para ello, en cada formulario se incluir\u00e1 un check-box en el que se solicitar\u00e1 dicho consentimiento, informando de la existencia del aviso legal y de la presente pol\u00edtica de privacidad y facilitando el acceso a ambas.<\/li>\n<li>En el caso en que exista una relaci\u00f3n contractual o pre-contractual entre LA EMPRESA y el usuario, la base jur\u00eddica para el tratamiento de los datos facilitados estar\u00e1 legitimado en dicha relaci\u00f3n, de modo que solo se recabar\u00e1n los datos necesarios para sustentar dichas relaciones comerciales y contractuales.<\/li>\n<\/ul>\n<h4>CESIONES DE LOS DATOS PERSONALES DEL USUARIO A TERCEROS.<\/h4>\n<p><strong>En ning\u00fan caso cederemos tus datos a terceros sin informarte previamente y requerirte tu consentimiento. Tus datos son confidenciales y no se ceder\u00e1n a terceros, salvo que exista obligaci\u00f3n legal <\/strong><\/p>\n<h4>SEGURIDAD DE LOS DATOS<\/h4>\n<p>La EMPRESA informa al usuario de que cualquier cesi\u00f3n de datos que deba realizar, ser\u00e1 puesta en su conocimiento inform\u00e1ndole de modo expreso, preciso e inequ\u00edvoco de los destinatarios de la informaci\u00f3n, de la finalidad a que se destinar\u00e1n los datos, y de la naturaleza de los datos cedidos y, en su caso, cuando la legislaci\u00f3n lo establezca, previamente se solicitar\u00e1 el consentimiento expl\u00edcito, inequ\u00edvoco, espec\u00edfico e informado al usuario.<\/p>\n<p>Con el objetivo de salvaguardar la seguridad de sus datos personales, le informamos que hemos adoptado todas las medidas de \u00edndole t\u00e9cnica y organizativa necesarias para garantizar la seguridad de los datos personales suministrados de su alteraci\u00f3n, p\u00e9rdida, y tratamientos o accesos no autorizados.<\/p>\n<h4>COOKIES<\/h4>\n<p>Esta p\u00e1gina web, \u00fanicamente utiliza cookies t\u00e9cnicas, de personalizaci\u00f3n y an\u00e1lisis propias que \u00fanicamente tratan datos de conexi\u00f3n y\/o de los dispositivos, pero en ning\u00fan caso captan h\u00e1bitos de navegaci\u00f3n para fines publicitarios.<\/p>\n<p>Por ello, al acceder a nuestra web, en cumplimiento del art\u00edculo 22 de la Ley de Sociedad de la Informaci\u00f3n, al tratar las cookies mencionadas, le hemos solicitado su consentimiento para su uso y facilitado informaci\u00f3n de las mismas.<\/p>\n<h4>EJERCICIO DE DERECHOS DE ACCESO, RECTIFICACI\u00d3N, CANCELACI\u00d3N O SUPRESI\u00d3N, OPOSICI\u00d3N, LIMITACI\u00d3N AL TRATAMIENTO Y PORTABILIDAD<\/h4>\n<p>Le informamos que los derechos de acceso, rectificaci\u00f3n, supresi\u00f3n, limitaci\u00f3n de tratamiento, u oposici\u00f3n al tratamiento, as\u00ed como el derecho a la portabilidad de los datos podr\u00e1n ser ejercitados ante el Responsable del tratamiento por cualquier medio sujeto en derecho, acompa\u00f1ando de copia de documento oficial que le identifique dirigi\u00e9ndose a: Pol\u00edgono Industrial Urioste, 56, Ortuella, BIZKAIA, 48530, Spain o enviando un mensaje al correo electr\u00f3nico a info@caravaningeuskadi.com, seg\u00fan los t\u00e9rminos que la normativa aplicable establece. Si considera que el tratamiento no se ajusta a la normativa vigente, podr\u00e1 presentar una reclamaci\u00f3n ante la autoridad de control en <a href=\"http:\/\/agpd.es\/\" rel=\"nofollow noopener\" target=\"_blank\">agpd.es<\/a>. <\/p>\n<p>La solicitud deber\u00e1 contener nombre, apellidos del interesado, copia del DNI y, en los casos que se admita, de la persona que lo represente, as\u00ed como documento acreditativo de la representaci\u00f3n, petici\u00f3n en que se concreta la solicitud, domicilio a efectos de notificaciones, fecha y firma del solicitante y documentos acreditativos de la petici\u00f3n que formula. Si la solicitud no re\u00fane los requisitos especificados se requerir\u00e1 su subsanaci\u00f3n. Respecto al derecho de acceso, \u00fanicamente se denegar\u00e1 cuando la solicitud sea formulada por persona distinta del afectado. No se exigir\u00e1 contraprestaci\u00f3n alguna por el ejercicio de los derechos.<\/p>\n<p>En el caso de que se haya otorgado el consentimiento para alguna finalidad espec\u00edfica, se puede ejercitar el derecho a retirar dicho consentimiento en cualquier momento, sin que ello afecte a la licitud del tratamiento basado en el consentimiento previo a su retirada.<\/p>\n<p>El usuario queda informado del derecho que le asiste a presentar una reclamaci\u00f3n ante la Agencia Espa\u00f1ola de Protecci\u00f3n de Datos (AEPD) y\/o solicitar su tutela, en particular, cuando el usuario considere que no ha obtenido satisfacci\u00f3n por parte de LA EMPRESA, en el ejercicio de sus derechos, a trav\u00e9s de la sede electr\u00f3nica de su portal web ( <a href=\"http:\/\/www.agpd.es\" rel=\"nofollow noopener\" target=\"_blank\">www.agpd.es<\/a>), o bien mediante escrito dirigido a su direcci\u00f3n postal (C\/Jorge Juan, 6, 28001-Madrid).<\/p>\n<p>El Usuario declara haber sido informado de las condiciones sobre Protecci\u00f3n de Datos de Car\u00e1cter Personal en los t\u00e9rminos establecidos en el Art\u00edculo 13 del Reglamento (UE) 2016\/679 del Parlamento Europeo Y del Consejo, relativo a la protecci\u00f3n de las personas f\u00edsicas en lo que respecta al tratamiento de datos personales, otorgando su consentimiento para el tratamiento de sus datos personales en relaci\u00f3n a las finalidades anteriormente descritas, en la forma y para las finalidades indicadas en la presente Pol\u00edtica de Privacidad.<\/p>\n<p>No nos hacemos responsables de la pol\u00edtica de privacidad respecto a los datos personales que pueda facilitar a terceros por medio de los enlaces disponibles en nuestra p\u00e1gina web.<\/p>\n<p>LA EMPRESA se reserva el derecho de modificar su pol\u00edtica de protecci\u00f3n de datos de acuerdo a su criterio, o a causa de un cambio legislativo, jurisprudencial o en la pr\u00e1ctica empresarial. La presente Pol\u00edtica de Privacidad puede ser modificada para adaptarlas a los cambios que se produzca en nuestra web, as\u00ed como modificaciones legislativas o jurisprudenciales sobre datos personales que vayan apareciendo, por lo que exige su lectura, cada vez que nos facilite sus datos a trav\u00e9s de esta Web. <\/p>\n","protected":false},"excerpt":{"rendered":"<p>Pribatutasun eta Datuak Babesteko Politika Esta pol\u00edtica de privacidad establece la forma en que se van a gestionar los datos personales que el interesado nos facilite, bien sea a trav\u00e9s del correo electr\u00f3nico, formularios web, o por cualquier otro medio. A efectos de lo previsto en el Art\u00edculo 13 del Reglamento (UE) 2016\/679 del Parlamento [&#8230;]\n","protected":false},"author":1,"featured_media":0,"parent":0,"menu_order":10,"comment_status":"closed","ping_status":"open","template":"","meta":{"_acf_changed":false,"footnotes":""},"class_list":["post-462","page","type-page","status-publish","hentry"],"acf":[],"_links":{"self":[{"href":"https:\/\/caravaningeuskadi.com\/eu\/wp-json\/wp\/v2\/pages\/462","targetHints":{"allow":["GET"]}}],"collection":[{"href":"https:\/\/caravaningeuskadi.com\/eu\/wp-json\/wp\/v2\/pages"}],"about":[{"href":"https:\/\/caravaningeuskadi.com\/eu\/wp-json\/wp\/v2\/types\/page"}],"author":[{"embeddable":true,"href":"https:\/\/caravaningeuskadi.com\/eu\/wp-json\/wp\/v2\/users\/1"}],"replies":[{"embeddable":true,"href":"https:\/\/caravaningeuskadi.com\/eu\/wp-json\/wp\/v2\/comments?post=462"}],"version-history":[{"count":1,"href":"https:\/\/caravaningeuskadi.com\/eu\/wp-json\/wp\/v2\/pages\/462\/revisions"}],"predecessor-version":[{"id":586,"href":"https:\/\/caravaningeuskadi.com\/eu\/wp-json\/wp\/v2\/pages\/462\/revisions\/586"}],"wp:attachment":[{"href":"https:\/\/caravaningeuskadi.com\/eu\/wp-json\/wp\/v2\/media?parent=462"}],"curies":[{"name":"wp","href":"https:\/\/api.w.org\/{rel}","templated":true}]}}

<h1>Pribatutasun eta Datuak Babesteko Politika</h1>
<p>Esta política de privacidad establece la forma en que se van a gestionar los datos personales que el interesado nos facilite, bien sea a través del correo electrónico, formularios web, o por cualquier otro medio.</p>
<p>A efectos de lo previsto en el Artículo 13 del Reglamento (UE) 2016/679 del Parlamento Europeo Y del Consejo, relativo a la protección de las personas físicas en lo que respecta al tratamiento de datos personales, se informa de manera clara y transparente de los datos del responsable de esta web:</p>
<p>DATOS IDENTIFICATIVOS Y DE CONTACTO DEL RESPONSABLE DEL TRATAMIENTO.</p>
<ul>
<li class="bullet-arrow">Su denominación social es CARAVANING EUSKADI, S. L.</li>
<li class="bullet-arrow">Su CIF B70879374</li>
<li class="bullet-arrow">Su domicilio es Polígono Industrial Urioste, 56, Ortuella, BIZKAIA, 48530, Spain</li>
<li class="bullet-arrow">Su email de contacto es info@caravaningeuskadi.com</li>
</ul>
<h4><b>Finalidades, legitimación y conservación de los tratamientos de los datos enviados a través d elos formularios del sitio web mesdelacaravana.com</b></h4>
<p>Se requieren datos personales para la realización de consultas a través de nuestro <strong>formulario de contacto y cita previa</strong> y <strong>participación en el sorteo organizado por Aseicar</strong>.</p>
<p>Los usuarios que acceden al sitio web corporativo y voluntariamente proporcionan información personal para navegar por el sitio o utilizar algún servicio que requiera la comunicación de datos a LA EMPRESA, quedan informados de las siguientes finalidades de tratamiento de los datos de carácter personal de los usuarios, que LA EMPRESA podrá llevar a cabo:</p>
<ol>
<li>
<p><strong>Finalidad:</strong> Facilitarle un medio para que pueda ponerse en contacto con nosotros y contestar a sus solicitudes de información, así como enviarle comunicaciones de nuestros productos, servicios y actividades, inclusive por medios electrónicos, si marca la casilla de aceptación.</p>
</li>
<li>
<p><strong>Legitimación:</strong> El consentimiento del usuario al solicitarnos información a través de nuestro formulario de contactos y al marcar la casilla de aceptación de envío de información.</p>
</li>
<li>
<p><strong>Conservación:</strong> Hasta una vez resulta su solicitud por medio de nuestro formulario o contestada por correo electrónico, si no ha generado un nuevo tratamiento. En caso de haber aceptado recibir envíos comerciales, hasta que solicite la baja de los mismos. </p>
</li>
</ol>
<p>El envío de datos de carácter personal es obligatorio para contactar y realizar operaciones comerciales con LA EMPRESA. Asimismo, el no facilitar los datos personales solicitados o el no aceptar la presente política de protección de datos supone la imposibilidad de procesar las solicitudes realizadas a través del presente sitio web. </p>
<p>Los datos personales proporcionados se conservarán mientras el interesado no solicite su supresión o cancelación y siempre que resulten adecuados, pertinentes y limitados a lo necesario para los fines para los que sean tratados. En este caso, los datos proporcionados se conservarán mientras se mantenga la relación contractual, o durante el periodo necesario para cumplir con las obligaciones legales. Se garantiza un tratamiento de datos leal y transparente.  </p>
<p>Utilizamos las cuentas de Facebook, Twitter e Instagram para informar sobre nuestras actividades e interactuar con nuestros seguidores. El acceso y uso de las páginas oficiales de LA EMPRESA, está sujeto al cumplimiento de las condiciones establecidas por los titulares de la plataforma del servicio de las referidas redes sociales. </p>
<h4>LEGITIMACIÓN O BASE JURÍDICA DEL TRATAMIENTO</h4>
<p>La base jurídica para el tratamiento de los datos recogidos a través del sitio web por LA EMPRESA, será la siguiente:</p>
<ul>
<li>En el caso de la recogida de datos a través de los canales de contacto habilitados en el sitio web la base jurídica para el tratamiento de los datos es la de recabar el consentimiento del interesado o usuario para el tratamiento de sus datos.<br />Para ello, en cada formulario se incluirá un check-box en el que se solicitará dicho consentimiento, informando de la existencia del aviso legal y de la presente política de privacidad y facilitando el acceso a ambas.</li>
<li>En el caso en que exista una relación contractual o pre-contractual entre LA EMPRESA y el usuario, la base jurídica para el tratamiento de los datos facilitados estará legitimado en dicha relación, de modo que solo se recabarán los datos necesarios para sustentar dichas relaciones comerciales y contractuales.</li>
</ul>
<h4>CESIONES DE LOS DATOS PERSONALES DEL USUARIO A TERCEROS.</h4>
<p><strong>En ningún caso cederemos tus datos a terceros sin informarte previamente y requerirte tu consentimiento. Tus datos son confidenciales y no se cederán a terceros, salvo que exista obligación legal </strong></p>
<h4>SEGURIDAD DE LOS DATOS</h4>
<p>La EMPRESA informa al usuario de que cualquier cesión de datos que deba realizar, será puesta en su conocimiento informándole de modo expreso, preciso e inequívoco de los destinatarios de la información, de la finalidad a que se destinarán los datos, y de la naturaleza de los datos cedidos y, en su caso, cuando la legislación lo establezca, previamente se solicitará el consentimiento explícito, inequívoco, específico e informado al usuario.</p>
<p>Con el objetivo de salvaguardar la seguridad de sus datos personales, le informamos que hemos adoptado todas las medidas de índole técnica y organizativa necesarias para garantizar la seguridad de los datos personales suministrados de su alteración, pérdida, y tratamientos o accesos no autorizados.</p>
<h4>COOKIES</h4>
<p>Esta página web, únicamente utiliza cookies técnicas, de personalización y análisis propias que únicamente tratan datos de conexión y/o de los dispositivos, pero en ningún caso captan hábitos de navegación para fines publicitarios.</p>
<p>Por ello, al acceder a nuestra web, en cumplimiento del artículo 22 de la Ley de Sociedad de la Información, al tratar las cookies mencionadas, le hemos solicitado su consentimiento para su uso y facilitado información de las mismas.</p>
<h4>EJERCICIO DE DERECHOS DE ACCESO, RECTIFICACIÓN, CANCELACIÓN O SUPRESIÓN, OPOSICIÓN, LIMITACIÓN AL TRATAMIENTO Y PORTABILIDAD</h4>
<p>Le informamos que los derechos de acceso, rectificación, supresión, limitación de tratamiento, u oposición al tratamiento, así como el derecho a la portabilidad de los datos podrán ser ejercitados ante el Responsable del tratamiento por cualquier medio sujeto en derecho, acompañando de copia de documento oficial que le identifique dirigiéndose a: Polígono Industrial Urioste, 56, Ortuella, BIZKAIA, 48530, Spain o enviando un mensaje al correo electrónico a info@caravaningeuskadi.com, según los términos que la normativa aplicable establece. Si considera que el tratamiento no se ajusta a la normativa vigente, podrá presentar una reclamación ante la autoridad de control en <a href="http://agpd.es/" rel="nofollow noopener" target="_blank">agpd.es</a>. </p>
<p>La solicitud deberá contener nombre, apellidos del interesado, copia del DNI y, en los casos que se admita, de la persona que lo represente, así como documento acreditativo de la representación, petición en que se concreta la solicitud, domicilio a efectos de notificaciones, fecha y firma del solicitante y documentos acreditativos de la petición que formula. Si la solicitud no reúne los requisitos especificados se requerirá su subsanación. Respecto al derecho de acceso, únicamente se denegará cuando la solicitud sea formulada por persona distinta del afectado. No se exigirá contraprestación alguna por el ejercicio de los derechos.</p>
<p>En el caso de que se haya otorgado el consentimiento para alguna finalidad específica, se puede ejercitar el derecho a retirar dicho consentimiento en cualquier momento, sin que ello afecte a la licitud del tratamiento basado en el consentimiento previo a su retirada.</p>
<p>El usuario queda informado del derecho que le asiste a presentar una reclamación ante la Agencia Española de Protección de Datos (AEPD) y/o solicitar su tutela, en particular, cuando el usuario considere que no ha obtenido satisfacción por parte de LA EMPRESA, en el ejercicio de sus derechos, a través de la sede electrónica de su portal web ( <a href="http://www.agpd.es" rel="nofollow noopener" target="_blank">www.agpd.es</a>), o bien mediante escrito dirigido a su dirección postal (C/Jorge Juan, 6, 28001-Madrid).</p>
<p>El Usuario declara haber sido informado de las condiciones sobre Protección de Datos de Carácter Personal en los términos establecidos en el Artículo 13 del Reglamento (UE) 2016/679 del Parlamento Europeo Y del Consejo, relativo a la protección de las personas físicas en lo que respecta al tratamiento de datos personales, otorgando su consentimiento para el tratamiento de sus datos personales en relación a las finalidades anteriormente descritas, en la forma y para las finalidades indicadas en la presente Política de Privacidad.</p>
<p>No nos hacemos responsables de la política de privacidad respecto a los datos personales que pueda facilitar a terceros por medio de los enlaces disponibles en nuestra página web.</p>
<p>LA EMPRESA se reserva el derecho de modificar su política de protección de datos de acuerdo a su criterio, o a causa de un cambio legislativo, jurisprudencial o en la práctica empresarial. La presente Política de Privacidad puede ser modificada para adaptarlas a los cambios que se produzca en nuestra web, así como modificaciones legislativas o jurisprudenciales sobre datos personales que vayan apareciendo, por lo que exige su lectura, cada vez que nos facilite sus datos a través de esta Web. </p>

<p>Pribatutasun eta Datuak Babesteko Politika Esta política de privacidad establece la forma en que se van a gestionar los datos personales que el interesado nos facilite, bien sea a través del correo electrónico, formularios web, o por cualquier otro medio. A efectos de lo previsto en el Artículo 13 del Reglamento (UE) 2016/679 del Parlamento [&#8230;]
